et w be a(-6). Is t(w) a composite number?
True
Let t = -513 - -748. Is t prime?
False
Let o be 3 + 1 + (2 - -84). Let r = o - -21. Is r composite?
True
Let z = 4 + 2. Let m be z*(-4 - 382/(-4)). Let u = m + -130. Is u a composite number?
False
Suppose -j - 3*p = -5 - 12, -4*j + 59 = 3*p. Let c be 21/j*2/1. Suppose -1 + 448 = c*x. Is x a composite number?
False
Let t(w) = 314*w**2 - 11*w + 23. Is t(4) composite?
False
Let w = 173 + 414. Is w prime?
True
Suppose -3*j - 3*t = -1506, -j - 5*t + 670 = 184. Let u = 345 - j. Let g = 412 + u. Is g a prime number?
True
Suppose 5 = u - 3*y, 2*u - 10 = y + 10. Is 12659/u - 1/(22/(-4)) prime?
True
Suppose 0 = 4*l - 0*l - 103108. Is l prime?
False
Let r be ((-2)/5)/((-1)/10). Suppose -7*y = -r*y - 717. Is y composite?
False
Suppose 212*x - 219*x = -23807. Is x composite?
True
Let n be (42 - -2)*-4 + -5. Let g(t) = 185*t + 2. Let k be g(2). Let l = n + k. Is l a composite number?
False
Let r(q) = 682*q + 903. Is r(61) composite?
True
Let v(w) be the second derivative of -16*w**3 - 5*w**2/2 + 16*w. Is v(-4) composite?
False
Let l(r) = -r**3 + 13*r**2 + r - 9. Let u be l(13). Suppose -u*f + 177 + 1403 = 0. Is f composite?
True
Suppose -3*l - 2*h + 13 = 0, 4*l - h - 13 - 8 = 0. Is (l/(-20))/((-2)/2648) composite?
False
Is (-10*(-517 - 4))/2 a composite number?
True
Suppose 5*v + f - 28500 = 3*v, 4*v = -5*f + 56994. Is v composite?
False
Let d = 96 + -94. Let i(p) = 105*p + 1. Is i(d) composite?
False
Let p(n) = 368*n**2 + 44*n - 271. Is p(9) composite?
True
Let r = -22 + 941. Is r composite?
False
Let u be 7 + (6/(-2) - 1). Is 237/2*2/u a composite number?
False
Let s(p) = -p**2 - 6*p - 5. Let t be s(-4). Let r(z) = 59*z**2 + 3*z - 2. Is r(t) prime?
False
Suppose -5*f + 5 = 0, -13*s + 9 = -12*s - 2*f. Let v(x) = -x**3 + 5*x**2 + 3*x - 5. Let r be v(5). Suppose -r*c - 265 = -s*c. Is c composite?
True
Suppose 38*f = -12*f + 2550. Is f composite?
True
Suppose -3*l = -4*l + 263. Suppose -3*i - 65 = -2*o + 664, -4*o - 5*i + 1513 = 0. Suppose 5*g - l = o. Is g composite?
False
Let g(l) = 3*l - 4. Let h be g(3). Suppose -4*j = -h*b + 942, j = b - 77 - 158. Let p = -144 - j. Is p a prime number?
True
Suppose -4*k + 5*u + 46597 = -177, k + 5*u - 11706 = 0. Is 2/10 + (-4 - k/(-20)) a prime number?
False
Let u(m) = 19*m + 58. Let y be u(6). Suppose -5*x + 835 = 2*k - y, -k - x + 508 = 0. Is k prime?
False
Let c = 25 + -31. Is -3*2/c - -376 prime?
False
Let j(p) = 101*p**2 - p - 2. Let g = 2 + -4. Let f be j(g). Suppose -2*h + 36 - f = -2*d, -4*d = -3*h - 737. Is d composite?
True
Let r = -107 - -111. Suppose 2*p = 3*i + 4319, r*p - 2*i + 4*i - 8646 = 0. Is p a prime number?
True
Suppose -w = -13721 - 276. Is w a composite number?
False
Let p = -6 + 31. Let y = p + -18. Is y composite?
False
Suppose -4*l = -3*l - v - 238, 0 = -2*v. Let b(w) = 4*w**2 - 8*w + 1. Let o be b(6). Let r = l - o. Is r prime?
False
Suppose -3*j - 16 + 1 = 0, -b + 8 = -j. Suppose -6 = 3*q - b*i, i = -5*q - 0*i + 2. Let d(c) = -c**3 - c**2 + 479. Is d(q) a prime number?
True
Suppose 26*c - 9*c - 3587 = 0. Is c prime?
True
Let c = -555 - -1040. Is c prime?
False
Is (-7)/(-9) + -1 - (-15815)/9 prime?
False
Is (27/15)/3 + (-1061968)/(-20) a prime number?
False
Let d(i) = 1 - 8 - 8*i + i**2 - 9. Is d(15) a composite number?
False
Let i = 784 + 1461. Suppose -4*o - i = -9*o. Let l = o + -264. Is l a composite number?
True
Let z = -11 - 1. Let v = z - -15. Suppose -21 = -6*y + v*y. Is y prime?
True
Suppose -2245 = 5*p - 7540. Suppose -3*w + p = 5*n, 2*w - 2*n = 908 - 218. Let m = w - 185. Is m composite?
False
Let x = 3907 - 2120. Suppose 2*i - 99 - x = 0. Is i a prime number?
False
Is (31101/9)/((-3)/(-9)) prime?
False
Suppose -2*y + 4*v = -12, 0 = -4*y - 3*v + 7*v + 20. Is 2*2517/y - (-9)/18 composite?
False
Let w(f) = -29*f - 12. Let a be w(-7). Let d = a + 107. Suppose 2*m = -3*l + 183, 0*m + m - d = -5*l. Is l a composite number?
False
Let f be 250/(-3)*72/(-12). Suppose -72 = -4*v + f. Is v composite?
True
Let j = 91210 - 14673. Is j a prime number?
True
Let b(j) = 814*j**2 + j. Let y be b(-1). Is y/5 + (-12)/(-30) a composite number?
False
Let x be 2665/(-10) - (-1)/(-2). Let b be 3 - (x + 0 - 1). Suppose y = 66 + b. Is y prime?
True
Suppose -2*g = 4, -2*g - 3*g = -4*v + 3566. Is v a prime number?
False
Is (5 - 14/3)/(2/36726) a prime number?
True
Is (-80)/360 - (1 - (-2111190)/(-27)) a composite number?
False
Suppose 2*h = 4*h + 16. Let i be -1 - (h/4)/2. Is 34 + (-2)/4*i a composite number?
True
Let h be 8*(-1)/(-12)*9. Suppose h = 2*m + m. Suppose -j = -3*b - 574, -4*b = -m*j + 3*j - 595. Is j a composite number?
True
Let s be -20 + 17 + 4 + 1. Suppose 2*o - 1071 = -o + s*j, o = -3*j + 368. Is o composite?
False
Suppose 0 = 5*x - 25, -4*m - 831 = 3*x - 158. Let l = 377 + m. Is l a composite number?
True
Let j be 4/3*(-3)/(-2). Let g be -707*(-7)/((-147)/(-6)). Suppose q - g = 3*a, -5*a + a + 354 = j*q. Is q a composite number?
True
Suppose -341745 = -5*o + 664070. Is o prime?
True
Let f(w) = -15 - 28*w**2 + 37*w**2 - 5. Is f(-19) prime?
True
Suppose 4 = 5*n - 4*n + t, -4*t = 3*n - 14. Suppose -7*s = -12*s + 4*z + 10087, -3*z = n*s - 4044. Is s composite?
True
Let r be (-8)/(-10) + 228/(-60). Let d(h) = -10*h**3 + h**2 + 6*h - 4. Is d(r) a prime number?
True
Let d(g) = 14 - 5*g + 3*g**2 - 2*g**2 - 11. Let c be d(3). Is (c - 0) + (-1 - -135) prime?
True
Suppose -3*j = -4*j + 14. Suppose -2*x + 9*x - j = 0. Suppose 66 = x*c + 4*m, 3*m + 154 = c + 3*c. Is c a composite number?
False
Let h = 179 + -179. Let a(v) = v**2 - 8*v + 489. Is a(h) a prime number?
False
Let r be 39624/(-32) - 6/8. Let g = r + 3076. Is g a composite number?
True
Suppose -5*z + 201226 = 68091. Is z prime?
True
Suppose -4*t + 5*t + 184 = 0. Let m = t + 483. Is m a prime number?
False
Suppose 2*p + 3*p + 2*v - 48 = 0, 0 = -p + v + 4. Let u(j) = 38*j**2 + 3*j + 15. Is u(p) a composite number?
True
Let n = 36 - 32. Suppose -4913 = -3*s + n*y, 4*y - 3359 = -3*s + 1586. Is s a composite number?
True
Suppose d - 62 - 145 = -w, 1023 = 5*w + 2*d. Is w a prime number?
False
Is (-3149)/((42/(-6))/7) composite?
True
Let y(g) = 4*g - 50. Let s be y(13). Suppose 112 + 6 = s*l. Is l composite?
False
Let r(w) = 5*w - 427. Suppose n + 3*n = 24. Let i(m) = -14*m + 1281. Let f(p) = n*i(p) + 17*r(p). Is f(0) composite?
True
Suppose 0 = 13*p - 12*p - 4. Suppose -p*j + 939 + 386 = -d, -d - 1656 = -5*j. Is j composite?
False
Let c = 604 - 262. Let x = -32 - -9. Let t = x + c. Is t a composite number?
True
Let c(q) be the first derivative of q**3/3 - 15*q**2/2 - 6*q - 8. Let x be c(15). Is ((-34)/x)/((-4)/(-36)) a composite number?
True
Is ((-21)/14)/(29682/(-9892) + 3) prime?
True
Let f = 8 + -11. Let b(u) be the second derivative of -32*u**3/3 - 5*u**2/2 - 3*u. Is b(f) a prime number?
False
Suppose 195185 + 433263 = 32*s. Is s a composite number?
True
Let s = 21 - 15. Suppose -2*j = -10*r + 5*r - 23, 3*j - 5*r = 27. Suppose x - j*a = 299, s*a - 663 = -2*x + a. Is x a prime number?
False
Suppose -y + 5402 = -7035. Is y composite?
False
Suppose -6*z + 3245 = -4627. Suppose c - 1951 - z = 0. Is c a prime number?
False
Let x be 6 + 6/4*-2. Suppose 2*h - x = h. Suppose -550 = h*y - 2293. Is y a composite number?
True
Suppose 4*k - 34036 = -4*h, 0 = k + 7*h - 4*h - 8509. Is k composite?
True
Suppose 5*u - 3*s = 32697, 2*u - 3*s - 7387 = 5699. Is u composite?
True
Let b = 15 - 20. Let g(a) = a**2 + 6*a + 9. Let k be g(b). Suppose k*z - 229 = -25. Is z prime?
False
Suppose 135 = 6*z + 33. Suppose -16*u - 26 = -z*u. Is u a prime number?
False
Is 2*(-7060)/(-70)*(-7)/(-4) composite?
False
Suppose 4*k + 6347 = 5*k. Is k prime?
False
Suppose g + 630 = 4*g. Let s = 367 - g. Is s composite?
False
Suppose 5*k = -20, 5*c + 0*k + 35 = -5*k. Suppose 2*w - 4*n = 12, 4*w - 3*n + 7*n + 24 = 0. Is (-5 - c)*251/w a composite number?
False
Let j(x) = -17*x - 21. Let o = -5 - 4. Let p be j(o). Let t = -21 + p. Is t composite?
True
Let j = 32942 - 17215. Is j a composite number?
False
Let n(t) = -t + 12. Let i be n(9). Suppose -f + i*c - 32 = 0, 0*f + 154 = -4*f - c. Let d = f - -215. Is d composite?
True
Let i = 338 - 202. Suppose -f + 195 = -i. Is f composite?
False
Suppose 0*k - 12 = -6*k. Suppose 0*q + q - 1501 = 